{"id":87,"date":"2017-01-26T13:08:08","date_gmt":"2017-01-26T12:08:08","guid":{"rendered":"http:\/\/web3671.server24.web4a.de\/claudia-triebe.de\/?page_id=87"},"modified":"2017-03-01T13:15:22","modified_gmt":"2017-03-01T12:15:22","slug":"philosophie","status":"publish","type":"page","link":"https:\/\/claudia-triebe.de\/?page_id=87","title":{"rendered":"Philosophie"},"content":{"rendered":"<h6 class=\"p1\"><span class=\"s1\"><b>Yin und Yang, K\u00f6rper und Geist, Anstrengung und Leichtigkeit<\/b><\/span><\/h6>\n<p class=\"p1\"><span class=\"s1\">Ich m\u00f6chte mit meiner Yogapraxis im Fluss der Bewegung diese Gegens\u00e4tze harmonisch miteinander in Einklang bringen.<\/span><\/p>\n<p class=\"p1\"><span class=\"s1\">Sowohl einfache als auch komplexe, dynamische sowie statische, energetisierende aber auch entspannende Asanas und ihre \u00dcberg\u00e4nge sollen in ein Gleichgewicht gelangen, um eine sp\u00fcrbare Transformation des Selbst auszul\u00f6sen.<\/span><\/p>\n<p><img loading=\"lazy\" decoding=\"async\" class=\" wp-image-239 alignright\" src=\"http:\/\/web3671.server24.web4a.de\/claudia-triebe.de\/wp-content\/uploads\/2017\/02\/Baum-200x300.jpeg\" alt=\"\" width=\"139\" height=\"209\" srcset=\"https:\/\/claudia-triebe.de\/wp-content\/uploads\/2017\/02\/Baum-200x300.jpeg 200w, https:\/\/claudia-triebe.de\/wp-content\/uploads\/2017\/02\/Baum-768x1152.jpeg 768w, https:\/\/claudia-triebe.de\/wp-content\/uploads\/2017\/02\/Baum-683x1024.jpeg 683w, https:\/\/claudia-triebe.de\/wp-content\/uploads\/2017\/02\/Baum.jpeg 1234w\" sizes=\"auto, (max-width: 139px) 100vw, 139px\" \/><\/p>\n<p class=\"p1\"><span class=\"s1\">Eine ausgewogene Yogapraxis verursacht &#8211; bewusst aber auch unbewusst &#8211; Ver\u00e4nderungen auf k\u00f6rperlicher und geistiger Ebene. Jede \u00dcbungsstunde bewirkt eine Umwandlung und Weiterentwicklung, die durch unser ganzes Sein flie\u00dft. Pranayama verbindet K\u00f6rper und Geist. Meditation und Entspannung bieten<span class=\"Apple-converted-space\">\u00a0 <\/span>M\u00f6glichkeiten, die eigene Praxis zu verinnerlichen und loszulassen. <\/span><\/p>\n<p>&nbsp;<\/p>\n<h6 class=\"p1\"><span class=\"s1\"><b>Mein Wunsch f\u00fcr jede\/n Yoga-Praktizierende\/n: <\/b><\/span><\/h6>\n<h6 class=\"p1\"><span class=\"s1\"><b>think about yourself &#8211; feel yourself &#8211; be yourself<\/b><\/span><\/h6>\n<p class=\"p1\"><span class=\"s1\">Sich seines Selbst bewusst werden aber gleichzeitig das Ego hinterfragen und<span class=\"Apple-converted-space\">\u00a0 <\/span>eine Achtsamkeit entwickeln, die \u00fcber die Yogapraxis hinaus in unserem Alltag weiter ihre Wirkung entfaltet.<\/span><\/p>\n","protected":false},"excerpt":{"rendered":"<p>Yin und Yang, K\u00f6rper und Geist, Anstrengung und Leichtigkeit Ich m\u00f6chte mit meiner Yogapraxis im Fluss der Bewegung diese Gegens\u00e4tze harmonisch miteinander in Einklang bringen. Sowohl einfache als auch komplexe, dynamische sowie statische, energetisierende aber auch entspannende Asanas und ihre<\/p>\n","protected":false},"author":2,"featured_media":0,"parent":0,"menu_order":0,"comment_status":"closed","ping_status":"closed","template":"","meta":{"footnotes":""},"class_list":["post-87","page","type-page","status-publish","hentry"],"_links":{"self":[{"href":"https:\/\/claudia-triebe.de\/index.php?rest_route=\/wp\/v2\/pages\/87","targetHints":{"allow":["GET"]}}],"collection":[{"href":"https:\/\/claudia-triebe.de\/index.php?rest_route=\/wp\/v2\/pages"}],"about":[{"href":"https:\/\/claudia-triebe.de\/index.php?rest_route=\/wp\/v2\/types\/page"}],"author":[{"embeddable":true,"href":"https:\/\/claudia-triebe.de\/index.php?rest_route=\/wp\/v2\/users\/2"}],"replies":[{"embeddable":true,"href":"https:\/\/claudia-triebe.de\/index.php?rest_route=%2Fwp%2Fv2%2Fcomments&post=87"}],"version-history":[{"count":20,"href":"https:\/\/claudia-triebe.de\/index.php?rest_route=\/wp\/v2\/pages\/87\/revisions"}],"predecessor-version":[{"id":265,"href":"https:\/\/claudia-triebe.de\/index.php?rest_route=\/wp\/v2\/pages\/87\/revisions\/265"}],"wp:attachment":[{"href":"https:\/\/claudia-triebe.de\/index.php?rest_route=%2Fwp%2Fv2%2Fmedia&parent=87"}],"curies":[{"name":"wp","href":"https:\/\/api.w.org\/{rel}","templated":true}]}}